{"id":2520,"date":"2023-05-25T12:55:00","date_gmt":"2023-05-25T17:55:00","guid":{"rendered":"https:\/\/www.pescadero.com.co\/tejar\/?page_id=2520"},"modified":"2024-12-14T13:20:07","modified_gmt":"2024-12-14T18:20:07","slug":"piso-texturizado-30x30cm","status":"publish","type":"page","link":"https:\/\/www.pescadero.com.co\/tejar\/?page_id=2520","title":{"rendered":"Piso Texturizado 30x30cm"},"content":{"rendered":"\t\t<div data-elementor-type=\"wp-page\" data-elementor-id=\"2520\" class=\"elementor elementor-2520\">\n\t\t\t\t\t\t<section class=\"elementor-section elementor-top-section elementor-element elementor-element-b379aa9 elementor-section-full_width elementor-section-height-default elementor-section-height-default\" data-id=\"b379aa9\" data-element_type=\"section\" data-e-type=\"section\" data-settings=\"{&quot;background_background&quot;:&quot;classic&quot;}\">\n\t\t\t\t\t\t<div class=\"elementor-container elementor-column-gap-default\">\n\t\t\t\t\t<div class=\"elementor-column elementor-col-50 elementor-top-column elementor-element elementor-element-55cf21f\" data-id=\"55cf21f\" data-element_type=\"column\" data-e-type=\"column\">\n\t\t\t<div class=\"elementor-widget-wrap\">\n\t\t\t\t\t\t\t<\/div>\n\t\t<\/div>\n\t\t\t\t<div class=\"elementor-column elementor-col-50 elementor-top-column elementor-element elementor-element-ae67e1a\" data-id=\"ae67e1a\" data-element_type=\"column\" data-e-type=\"column\">\n\t\t\t<div class=\"elementor-widget-wrap elementor-element-populated\">\n\t\t\t\t\t\t<div class=\"elementor-element elementor-element-b36cfc1 elementor-widget elementor-widget-spacer\" data-id=\"b36cfc1\" data-element_type=\"widget\" data-e-type=\"widget\" data-widget_type=\"spacer.default\">\n\t\t\t\t<div class=\"elementor-widget-container\">\n\t\t\t\t\t\t\t<div class=\"elementor-spacer\">\n\t\t\t<div class=\"elementor-spacer-inner\"><\/div>\n\t\t<\/div>\n\t\t\t\t\t\t<\/div>\n\t\t\t\t<\/div>\n\t\t\t\t<div class=\"elementor-element elementor-element-ec1053e elementor-widget elementor-widget-elementskit-heading\" data-id=\"ec1053e\" data-element_type=\"widget\" data-e-type=\"widget\" data-widget_type=\"elementskit-heading.default\">\n\t\t\t\t<div class=\"elementor-widget-container\">\n\t\t\t\t\t<div class=\"ekit-wid-con\" ><div class=\"ekit-heading elementskit-section-title-wraper text_center   ekit_heading_tablet-   ekit_heading_mobile-\"><h2 class=\"ekit-heading--title elementskit-section-title \">Piso Texturizado 30x30cm<\/h2><div class=\"ekit_heading_separetor_wraper ekit_heading_elementskit-border-divider ekit-dotted\"><div class=\"elementskit-border-divider ekit-dotted\"><\/div><\/div><\/div><\/div>\t\t\t\t<\/div>\n\t\t\t\t<\/div>\n\t\t\t\t<div class=\"elementor-element elementor-element-8f3f0ba elementor-widget elementor-widget-spacer\" data-id=\"8f3f0ba\" data-element_type=\"widget\" data-e-type=\"widget\" data-widget_type=\"spacer.default\">\n\t\t\t\t<div class=\"elementor-widget-container\">\n\t\t\t\t\t\t\t<div class=\"elementor-spacer\">\n\t\t\t<div class=\"elementor-spacer-inner\"><\/div>\n\t\t<\/div>\n\t\t\t\t\t\t<\/div>\n\t\t\t\t<\/div>\n\t\t\t\t\t<\/div>\n\t\t<\/div>\n\t\t\t\t\t<\/div>\n\t\t<\/section>\n\t\t\t\t<section class=\"elementor-section elementor-top-section elementor-element elementor-element-ded3367 elementor-section-boxed elementor-section-height-default elementor-section-height-default\" data-id=\"ded3367\" data-element_type=\"section\" data-e-type=\"section\">\n\t\t\t\t\t\t<div class=\"elementor-container elementor-column-gap-default\">\n\t\t\t\t\t<div class=\"elementor-column elementor-col-50 elementor-top-column elementor-element elementor-element-7f7adb9\" data-id=\"7f7adb9\" data-element_type=\"column\" data-e-type=\"column\">\n\t\t\t<div class=\"elementor-widget-wrap elementor-element-populated\">\n\t\t\t\t\t\t<div class=\"elementor-element elementor-element-8c2f145 elementor-widget elementor-widget-elementskit-heading\" data-id=\"8c2f145\" data-element_type=\"widget\" data-e-type=\"widget\" data-widget_type=\"elementskit-heading.default\">\n\t\t\t\t<div class=\"elementor-widget-container\">\n\t\t\t\t\t<div class=\"ekit-wid-con\" ><div class=\"ekit-heading elementskit-section-title-wraper text_center   ekit_heading_tablet-   ekit_heading_mobile-\"><h2 class=\"ekit-heading--title elementskit-section-title \">Piso Texturizado 30x30cm<\/h2><div class=\"ekit_heading_separetor_wraper ekit_heading_elementskit-border-divider ekit-dotted\"><div class=\"elementskit-border-divider ekit-dotted\"><\/div><\/div><\/div><\/div>\t\t\t\t<\/div>\n\t\t\t\t<\/div>\n\t\t\t\t<div class=\"elementor-element elementor-element-4bd1257 elementor-widget elementor-widget-text-editor\" data-id=\"4bd1257\" data-element_type=\"widget\" data-e-type=\"widget\" data-widget_type=\"text-editor.default\">\n\t\t\t\t<div class=\"elementor-widget-container\">\n\t\t\t\t\t\t\t\t\t<p>Nuestro Piso Texturizado en formato 30x30cm. Se destaca por ser un producto de acabado artesanal, con una textura rugosa e irregular en la superficie de la pieza. Lo encuentras en nuestras cuatro gamas Arena, Almendro, matizado y tono m\u00e1s oscuro Tabaco.<\/p><p>La naturalidad de este producto dar\u00e1 un valor agregado a tus espacios interiores y exteriores, creando proyectos \u00fanicos,on un estilo r\u00fastico y atemporal, propio de nuestros pisos de barro cocido.<\/p>\t\t\t\t\t\t\t\t<\/div>\n\t\t\t\t<\/div>\n\t\t\t\t<div class=\"elementor-element elementor-element-2c103dd elementor-view-stacked elementor-shape-circle elementor-widget elementor-widget-icon\" data-id=\"2c103dd\" data-element_type=\"widget\" data-e-type=\"widget\" data-widget_type=\"icon.default\">\n\t\t\t\t<div class=\"elementor-widget-container\">\n\t\t\t\t\t\t\t<div class=\"elementor-icon-wrapper\">\n\t\t\t<a class=\"elementor-icon\" href=\"https:\/\/www.pescadero.com.co\/tejar\/wp-content\/uploads\/2024\/12\/RECOMENDACIONES-PARA-LA-INSTALACION-DE-PISOS-1.pdf\">\n\t\t\t<i aria-hidden=\"true\" class=\"fas fa-stream\"><\/i>\t\t\t<\/a>\n\t\t<\/div>\n\t\t\t\t\t\t<\/div>\n\t\t\t\t<\/div>\n\t\t\t\t<div class=\"elementor-element elementor-element-a0ecc38 elementor-widget elementor-widget-elementskit-heading\" data-id=\"a0ecc38\" data-element_type=\"widget\" data-e-type=\"widget\" data-widget_type=\"elementskit-heading.default\">\n\t\t\t\t<div class=\"elementor-widget-container\">\n\t\t\t\t\t<div class=\"ekit-wid-con\" ><div class=\"ekit-heading elementskit-section-title-wraper text_center   ekit_heading_tablet-   ekit_heading_mobile-\"><h2 class=\"ekit-heading--title elementskit-section-title \">Ficha t\u00e9cnica<\/h2><div class=\"ekit_heading_separetor_wraper ekit_heading_elementskit-border-divider ekit-dotted\"><div class=\"elementskit-border-divider ekit-dotted\"><\/div><\/div><\/div><\/div>\t\t\t\t<\/div>\n\t\t\t\t<\/div>\n\t\t\t\t<div class=\"elementor-element elementor-element-a663245 elementor-view-stacked elementor-shape-circle elementor-widget elementor-widget-icon\" data-id=\"a663245\" data-element_type=\"widget\" data-e-type=\"widget\" data-widget_type=\"icon.default\">\n\t\t\t\t<div class=\"elementor-widget-container\">\n\t\t\t\t\t\t\t<div class=\"elementor-icon-wrapper\">\n\t\t\t<a class=\"elementor-icon\" href=\"https:\/\/www.pescadero.com.co\/tejar\/wp-content\/uploads\/2023\/07\/MANUAL-DE-INSTALACION-Y-USO-DE-PISOS.pdf\">\n\t\t\t<i aria-hidden=\"true\" class=\"far fa-file-alt\"><\/i>\t\t\t<\/a>\n\t\t<\/div>\n\t\t\t\t\t\t<\/div>\n\t\t\t\t<\/div>\n\t\t\t\t<div class=\"elementor-element elementor-element-f47419e elementor-widget elementor-widget-elementskit-heading\" data-id=\"f47419e\" data-element_type=\"widget\" data-e-type=\"widget\" data-widget_type=\"elementskit-heading.default\">\n\t\t\t\t<div class=\"elementor-widget-container\">\n\t\t\t\t\t<div class=\"ekit-wid-con\" ><div class=\"ekit-heading elementskit-section-title-wraper text_center   ekit_heading_tablet-   ekit_heading_mobile-\"><h2 class=\"ekit-heading--title elementskit-section-title \">Manual de instalaci\u00f3n<\/h2><div class=\"ekit_heading_separetor_wraper ekit_heading_elementskit-border-divider ekit-dotted\"><div class=\"elementskit-border-divider ekit-dotted\"><\/div><\/div><\/div><\/div>\t\t\t\t<\/div>\n\t\t\t\t<\/div>\n\t\t\t\t\t<\/div>\n\t\t<\/div>\n\t\t\t\t<div class=\"elementor-column elementor-col-50 elementor-top-column elementor-element elementor-element-c184172\" data-id=\"c184172\" data-element_type=\"column\" data-e-type=\"column\">\n\t\t\t<div class=\"elementor-widget-wrap elementor-element-populated\">\n\t\t\t\t\t\t<div class=\"elementor-element elementor-element-6d40aab elementor-invisible elementor-widget elementor-widget-image\" data-id=\"6d40aab\" data-element_type=\"widget\" data-e-type=\"widget\" data-settings=\"{&quot;_animation&quot;:&quot;fadeIn&quot;}\" data-widget_type=\"image.default\">\n\t\t\t\t<div class=\"elementor-widget-container\">\n\t\t\t\t\t\t\t\t\t\t\t\t\t\t\t<img decoding=\"async\" data-src=\"https:\/\/www.pescadero.com.co\/tejar\/wp-content\/uploads\/elementor\/thumbs\/text-q6ztyqxy6f93ldd4fqr460vibbnfk3ffjwdcutwen4.png\" title=\"text\" alt=\"text\" src=\"data:image\/svg+xml;base64,PHN2ZyB3aWR0aD0iMSIgaGVpZ2h0PSIxIiB4bWxucz0iaHR0cDovL3d3dy53My5vcmcvMjAwMC9zdmciPjwvc3ZnPg==\" class=\"lazyload\" style=\"--smush-placeholder-width: 400px; --smush-placeholder-aspect-ratio: 400\/80;\" \/>\t\t\t\t\t\t\t\t\t\t\t\t\t\t\t<\/div>\n\t\t\t\t<\/div>\n\t\t\t\t<div class=\"elementor-element elementor-element-9166787 gallery-spacing-custom elementor-widget elementor-widget-image-gallery\" data-id=\"9166787\" data-element_type=\"widget\" data-e-type=\"widget\" data-widget_type=\"image-gallery.default\">\n\t\t\t\t<div class=\"elementor-widget-container\">\n\t\t\t\t\t\t\t<div class=\"elementor-image-gallery\">\n\t\t\t<div id='gallery-1' class='gallery galleryid-2520 gallery-columns-2 gallery-size-1536x1536'><figure class='gallery-item'>\n\t\t\t<div class='gallery-icon landscape'>\n\t\t\t\t<a data-elementor-open-lightbox=\"yes\" data-elementor-lightbox-slideshow=\"9166787\" data-elementor-lightbox-title=\"1\" data-e-action-hash=\"#elementor-action%3Aaction%3Dlightbox%26settings%3DeyJpZCI6MjU0MCwidXJsIjoiaHR0cHM6XC9cL3d3dy5wZXNjYWRlcm8uY29tLmNvXC90ZWphclwvd3AtY29udGVudFwvdXBsb2Fkc1wvMjAyM1wvMDVcLzEuanBnIiwic2xpZGVzaG93IjoiOTE2Njc4NyJ9\" href='https:\/\/www.pescadero.com.co\/tejar\/wp-content\/uploads\/2023\/05\/1.jpg'><img fetchpriority=\"high\" decoding=\"async\" width=\"1500\" height=\"1200\" src=\"https:\/\/www.pescadero.com.co\/tejar\/wp-content\/uploads\/2023\/05\/1.jpg\" class=\"attachment-1536x1536 size-1536x1536\" alt=\"\" srcset=\"https:\/\/www.pescadero.com.co\/tejar\/wp-content\/uploads\/2023\/05\/1.jpg 1500w, https:\/\/www.pescadero.com.co\/tejar\/wp-content\/uploads\/2023\/05\/1-300x240.jpg 300w, https:\/\/www.pescadero.com.co\/tejar\/wp-content\/uploads\/2023\/05\/1-1024x819.jpg 1024w, https:\/\/www.pescadero.com.co\/tejar\/wp-content\/uploads\/2023\/05\/1-768x614.jpg 768w, https:\/\/www.pescadero.com.co\/tejar\/wp-content\/uploads\/2023\/05\/1-1200x960.jpg 1200w\" sizes=\"(max-width: 1500px) 100vw, 1500px\" \/><\/a>\n\t\t\t<\/div><\/figure><figure class='gallery-item'>\n\t\t\t<div class='gallery-icon landscape'>\n\t\t\t\t<a data-elementor-open-lightbox=\"yes\" data-elementor-lightbox-slideshow=\"9166787\" data-elementor-lightbox-title=\"2\" data-e-action-hash=\"#elementor-action%3Aaction%3Dlightbox%26settings%3DeyJpZCI6MjU0MSwidXJsIjoiaHR0cHM6XC9cL3d3dy5wZXNjYWRlcm8uY29tLmNvXC90ZWphclwvd3AtY29udGVudFwvdXBsb2Fkc1wvMjAyM1wvMDVcLzIuanBnIiwic2xpZGVzaG93IjoiOTE2Njc4NyJ9\" href='https:\/\/www.pescadero.com.co\/tejar\/wp-content\/uploads\/2023\/05\/2.jpg'><img decoding=\"async\" width=\"1500\" height=\"1200\" data-src=\"https:\/\/www.pescadero.com.co\/tejar\/wp-content\/uploads\/2023\/05\/2.jpg\" class=\"attachment-1536x1536 size-1536x1536 lazyload\" alt=\"\" data-srcset=\"https:\/\/www.pescadero.com.co\/tejar\/wp-content\/uploads\/2023\/05\/2.jpg 1500w, https:\/\/www.pescadero.com.co\/tejar\/wp-content\/uploads\/2023\/05\/2-300x240.jpg 300w, https:\/\/www.pescadero.com.co\/tejar\/wp-content\/uploads\/2023\/05\/2-1024x819.jpg 1024w, https:\/\/www.pescadero.com.co\/tejar\/wp-content\/uploads\/2023\/05\/2-768x614.jpg 768w, https:\/\/www.pescadero.com.co\/tejar\/wp-content\/uploads\/2023\/05\/2-1200x960.jpg 1200w\" data-sizes=\"(max-width: 1500px) 100vw, 1500px\" src=\"data:image\/svg+xml;base64,PHN2ZyB3aWR0aD0iMSIgaGVpZ2h0PSIxIiB4bWxucz0iaHR0cDovL3d3dy53My5vcmcvMjAwMC9zdmciPjwvc3ZnPg==\" style=\"--smush-placeholder-width: 1500px; --smush-placeholder-aspect-ratio: 1500\/1200;\" \/><\/a>\n\t\t\t<\/div><\/figure><figure class='gallery-item'>\n\t\t\t<div class='gallery-icon landscape'>\n\t\t\t\t<a data-elementor-open-lightbox=\"yes\" data-elementor-lightbox-slideshow=\"9166787\" data-elementor-lightbox-title=\"3\" data-e-action-hash=\"#elementor-action%3Aaction%3Dlightbox%26settings%3DeyJpZCI6MjU0MiwidXJsIjoiaHR0cHM6XC9cL3d3dy5wZXNjYWRlcm8uY29tLmNvXC90ZWphclwvd3AtY29udGVudFwvdXBsb2Fkc1wvMjAyM1wvMDVcLzMuanBnIiwic2xpZGVzaG93IjoiOTE2Njc4NyJ9\" href='https:\/\/www.pescadero.com.co\/tejar\/wp-content\/uploads\/2023\/05\/3.jpg'><img decoding=\"async\" width=\"1500\" height=\"1200\" data-src=\"https:\/\/www.pescadero.com.co\/tejar\/wp-content\/uploads\/2023\/05\/3.jpg\" class=\"attachment-1536x1536 size-1536x1536 lazyload\" alt=\"\" data-srcset=\"https:\/\/www.pescadero.com.co\/tejar\/wp-content\/uploads\/2023\/05\/3.jpg 1500w, https:\/\/www.pescadero.com.co\/tejar\/wp-content\/uploads\/2023\/05\/3-300x240.jpg 300w, https:\/\/www.pescadero.com.co\/tejar\/wp-content\/uploads\/2023\/05\/3-1024x819.jpg 1024w, https:\/\/www.pescadero.com.co\/tejar\/wp-content\/uploads\/2023\/05\/3-768x614.jpg 768w, https:\/\/www.pescadero.com.co\/tejar\/wp-content\/uploads\/2023\/05\/3-1200x960.jpg 1200w\" data-sizes=\"(max-width: 1500px) 100vw, 1500px\" src=\"data:image\/svg+xml;base64,PHN2ZyB3aWR0aD0iMSIgaGVpZ2h0PSIxIiB4bWxucz0iaHR0cDovL3d3dy53My5vcmcvMjAwMC9zdmciPjwvc3ZnPg==\" style=\"--smush-placeholder-width: 1500px; --smush-placeholder-aspect-ratio: 1500\/1200;\" \/><\/a>\n\t\t\t<\/div><\/figure><figure class='gallery-item'>\n\t\t\t<div class='gallery-icon landscape'>\n\t\t\t\t<a data-elementor-open-lightbox=\"yes\" data-elementor-lightbox-slideshow=\"9166787\" data-elementor-lightbox-title=\"4\" data-e-action-hash=\"#elementor-action%3Aaction%3Dlightbox%26settings%3DeyJpZCI6MjU0MywidXJsIjoiaHR0cHM6XC9cL3d3dy5wZXNjYWRlcm8uY29tLmNvXC90ZWphclwvd3AtY29udGVudFwvdXBsb2Fkc1wvMjAyM1wvMDVcLzQuanBnIiwic2xpZGVzaG93IjoiOTE2Njc4NyJ9\" href='https:\/\/www.pescadero.com.co\/tejar\/wp-content\/uploads\/2023\/05\/4.jpg'><img decoding=\"async\" width=\"1500\" height=\"1200\" data-src=\"https:\/\/www.pescadero.com.co\/tejar\/wp-content\/uploads\/2023\/05\/4.jpg\" class=\"attachment-1536x1536 size-1536x1536 lazyload\" alt=\"\" data-srcset=\"https:\/\/www.pescadero.com.co\/tejar\/wp-content\/uploads\/2023\/05\/4.jpg 1500w, https:\/\/www.pescadero.com.co\/tejar\/wp-content\/uploads\/2023\/05\/4-300x240.jpg 300w, https:\/\/www.pescadero.com.co\/tejar\/wp-content\/uploads\/2023\/05\/4-1024x819.jpg 1024w, https:\/\/www.pescadero.com.co\/tejar\/wp-content\/uploads\/2023\/05\/4-768x614.jpg 768w, https:\/\/www.pescadero.com.co\/tejar\/wp-content\/uploads\/2023\/05\/4-1200x960.jpg 1200w\" data-sizes=\"(max-width: 1500px) 100vw, 1500px\" src=\"data:image\/svg+xml;base64,PHN2ZyB3aWR0aD0iMSIgaGVpZ2h0PSIxIiB4bWxucz0iaHR0cDovL3d3dy53My5vcmcvMjAwMC9zdmciPjwvc3ZnPg==\" style=\"--smush-placeholder-width: 1500px; --smush-placeholder-aspect-ratio: 1500\/1200;\" \/><\/a>\n\t\t\t<\/div><\/figure><figure class='gallery-item'>\n\t\t\t<div class='gallery-icon landscape'>\n\t\t\t\t<a data-elementor-open-lightbox=\"yes\" data-elementor-lightbox-slideshow=\"9166787\" data-elementor-lightbox-title=\"5\" data-e-action-hash=\"#elementor-action%3Aaction%3Dlightbox%26settings%3DeyJpZCI6MjU0NCwidXJsIjoiaHR0cHM6XC9cL3d3dy5wZXNjYWRlcm8uY29tLmNvXC90ZWphclwvd3AtY29udGVudFwvdXBsb2Fkc1wvMjAyM1wvMDVcLzUuanBnIiwic2xpZGVzaG93IjoiOTE2Njc4NyJ9\" href='https:\/\/www.pescadero.com.co\/tejar\/wp-content\/uploads\/2023\/05\/5.jpg'><img decoding=\"async\" width=\"1500\" height=\"1200\" data-src=\"https:\/\/www.pescadero.com.co\/tejar\/wp-content\/uploads\/2023\/05\/5.jpg\" class=\"attachment-1536x1536 size-1536x1536 lazyload\" alt=\"\" data-srcset=\"https:\/\/www.pescadero.com.co\/tejar\/wp-content\/uploads\/2023\/05\/5.jpg 1500w, https:\/\/www.pescadero.com.co\/tejar\/wp-content\/uploads\/2023\/05\/5-300x240.jpg 300w, https:\/\/www.pescadero.com.co\/tejar\/wp-content\/uploads\/2023\/05\/5-1024x819.jpg 1024w, https:\/\/www.pescadero.com.co\/tejar\/wp-content\/uploads\/2023\/05\/5-768x614.jpg 768w, https:\/\/www.pescadero.com.co\/tejar\/wp-content\/uploads\/2023\/05\/5-1200x960.jpg 1200w\" data-sizes=\"(max-width: 1500px) 100vw, 1500px\" src=\"data:image\/svg+xml;base64,PHN2ZyB3aWR0aD0iMSIgaGVpZ2h0PSIxIiB4bWxucz0iaHR0cDovL3d3dy53My5vcmcvMjAwMC9zdmciPjwvc3ZnPg==\" style=\"--smush-placeholder-width: 1500px; --smush-placeholder-aspect-ratio: 1500\/1200;\" \/><\/a>\n\t\t\t<\/div><\/figure>\n\t\t<\/div>\n\t\t<\/div>\n\t\t\t\t\t\t<\/div>\n\t\t\t\t<\/div>\n\t\t\t\t\t<\/div>\n\t\t<\/div>\n\t\t\t\t\t<\/div>\n\t\t<\/section>\n\t\t\t\t<\/div>\n\t\t","protected":false},"excerpt":{"rendered":"<p>Piso Texturizado 30x30cm Piso Texturizado 30x30cm Nuestro Piso Texturizado en formato 30x30cm. Se destaca por ser un producto de acabado artesanal, con una textura rugosa e irregular en la superficie de la pieza. Lo encuentras en nuestras cuatro gamas Arena, Almendro, matizado y tono m\u00e1s oscuro Tabaco. La naturalidad de este producto dar\u00e1 un valor [&hellip;]<\/p>\n","protected":false},"author":1,"featured_media":0,"parent":0,"menu_order":0,"comment_status":"closed","ping_status":"closed","template":"elementor_header_footer","meta":{"_joinchat":[],"footnotes":""},"class_list":["post-2520","page","type-page","status-publish","hentry"],"_links":{"self":[{"href":"https:\/\/www.pescadero.com.co\/tejar\/index.php?rest_route=\/wp\/v2\/pages\/2520","targetHints":{"allow":["GET"]}}],"collection":[{"href":"https:\/\/www.pescadero.com.co\/tejar\/index.php?rest_route=\/wp\/v2\/pages"}],"about":[{"href":"https:\/\/www.pescadero.com.co\/tejar\/index.php?rest_route=\/wp\/v2\/types\/page"}],"author":[{"embeddable":true,"href":"https:\/\/www.pescadero.com.co\/tejar\/index.php?rest_route=\/wp\/v2\/users\/1"}],"replies":[{"embeddable":true,"href":"https:\/\/www.pescadero.com.co\/tejar\/index.php?rest_route=%2Fwp%2Fv2%2Fcomments&post=2520"}],"version-history":[{"count":23,"href":"https:\/\/www.pescadero.com.co\/tejar\/index.php?rest_route=\/wp\/v2\/pages\/2520\/revisions"}],"predecessor-version":[{"id":3602,"href":"https:\/\/www.pescadero.com.co\/tejar\/index.php?rest_route=\/wp\/v2\/pages\/2520\/revisions\/3602"}],"wp:attachment":[{"href":"https:\/\/www.pescadero.com.co\/tejar\/index.php?rest_route=%2Fwp%2Fv2%2Fmedia&parent=2520"}],"curies":[{"name":"wp","href":"https:\/\/api.w.org\/{rel}","templated":true}]}}