{"id":681,"date":"2021-06-04T08:13:48","date_gmt":"2021-06-04T13:13:48","guid":{"rendered":"https:\/\/www.pescadero.com.co\/?page_id=681"},"modified":"2024-01-05T23:39:52","modified_gmt":"2024-01-06T04:39:52","slug":"zocalo-30","status":"publish","type":"page","link":"https:\/\/www.pescadero.com.co\/tejar\/?page_id=681","title":{"rendered":"Z\u00f3calo 30"},"content":{"rendered":"\t\t<div data-elementor-type=\"wp-page\" data-elementor-id=\"681\" class=\"elementor elementor-681\">\n\t\t\t\t\t\t<section class=\"elementor-section elementor-top-section elementor-element elementor-element-3006894 elementor-section-full_width elementor-section-height-default elementor-section-height-default\" data-id=\"3006894\" data-element_type=\"section\" data-e-type=\"section\" data-settings=\"{&quot;background_background&quot;:&quot;classic&quot;}\">\n\t\t\t\t\t\t<div class=\"elementor-container elementor-column-gap-default\">\n\t\t\t\t\t<div class=\"elementor-column elementor-col-33 elementor-top-column elementor-element elementor-element-db5ef5c\" data-id=\"db5ef5c\" data-element_type=\"column\" data-e-type=\"column\">\n\t\t\t<div class=\"elementor-widget-wrap\">\n\t\t\t\t\t\t\t<\/div>\n\t\t<\/div>\n\t\t\t\t<div class=\"elementor-column elementor-col-33 elementor-top-column elementor-element elementor-element-4b1bee5\" data-id=\"4b1bee5\" data-element_type=\"column\" data-e-type=\"column\">\n\t\t\t<div class=\"elementor-widget-wrap elementor-element-populated\">\n\t\t\t\t\t\t<div class=\"elementor-element elementor-element-27a4707 elementor-align-left elementor-widget elementor-widget-button\" data-id=\"27a4707\" data-element_type=\"widget\" data-e-type=\"widget\" data-widget_type=\"button.default\">\n\t\t\t\t<div class=\"elementor-widget-container\">\n\t\t\t\t\t\t\t\t\t<div class=\"elementor-button-wrapper\">\n\t\t\t\t\t<a class=\"elementor-button elementor-button-link elementor-size-sm elementor-animation-shrink\" href=\"https:\/\/www.pescadero.com.co\/tejar\/?page_id=680\">\n\t\t\t\t\t\t<span class=\"elementor-button-content-wrapper\">\n\t\t\t\t\t\t\t\t\t<span class=\"elementor-button-text\">Huella 30<\/span>\n\t\t\t\t\t<\/span>\n\t\t\t\t\t<\/a>\n\t\t\t\t<\/div>\n\t\t\t\t\t\t\t\t<\/div>\n\t\t\t\t<\/div>\n\t\t\t\t<div class=\"elementor-element elementor-element-3f6a1aa elementor-widget elementor-widget-button\" data-id=\"3f6a1aa\" data-element_type=\"widget\" data-e-type=\"widget\" data-widget_type=\"button.default\">\n\t\t\t\t<div class=\"elementor-widget-container\">\n\t\t\t\t\t\t\t\t\t<div class=\"elementor-button-wrapper\">\n\t\t\t\t\t<a class=\"elementor-button elementor-button-link elementor-size-sm elementor-animation-shrink\" href=\"https:\/\/www.pescadero.com.co\/tejar\/?page_id=681\">\n\t\t\t\t\t\t<span class=\"elementor-button-content-wrapper\">\n\t\t\t\t\t\t\t\t\t<span class=\"elementor-button-text\">Z\u00f3calo 30<\/span>\n\t\t\t\t\t<\/span>\n\t\t\t\t\t<\/a>\n\t\t\t\t<\/div>\n\t\t\t\t\t\t\t\t<\/div>\n\t\t\t\t<\/div>\n\t\t\t\t<div class=\"elementor-element elementor-element-3038165 elementor-align-left elementor-widget elementor-widget-button\" data-id=\"3038165\" data-element_type=\"widget\" data-e-type=\"widget\" data-widget_type=\"button.default\">\n\t\t\t\t<div class=\"elementor-widget-container\">\n\t\t\t\t\t\t\t\t\t<div class=\"elementor-button-wrapper\">\n\t\t\t\t\t<a class=\"elementor-button elementor-button-link elementor-size-sm elementor-animation-shrink\" href=\"https:\/\/www.pescadero.com.co\/tejar\/?page_id=682\">\n\t\t\t\t\t\t<span class=\"elementor-button-content-wrapper\">\n\t\t\t\t\t\t\t\t\t<span class=\"elementor-button-text\">Rompeolas 14.5x25<\/span>\n\t\t\t\t\t<\/span>\n\t\t\t\t\t<\/a>\n\t\t\t\t<\/div>\n\t\t\t\t\t\t\t\t<\/div>\n\t\t\t\t<\/div>\n\t\t\t\t\t<\/div>\n\t\t<\/div>\n\t\t\t\t<div class=\"elementor-column elementor-col-33 elementor-top-column elementor-element elementor-element-5c543b1\" data-id=\"5c543b1\" data-element_type=\"column\" data-e-type=\"column\">\n\t\t\t<div class=\"elementor-widget-wrap elementor-element-populated\">\n\t\t\t\t\t\t<div class=\"elementor-element elementor-element-508dd8a elementor-widget elementor-widget-spacer\" data-id=\"508dd8a\" data-element_type=\"widget\" data-e-type=\"widget\" data-widget_type=\"spacer.default\">\n\t\t\t\t<div class=\"elementor-widget-container\">\n\t\t\t\t\t\t\t<div class=\"elementor-spacer\">\n\t\t\t<div class=\"elementor-spacer-inner\"><\/div>\n\t\t<\/div>\n\t\t\t\t\t\t<\/div>\n\t\t\t\t<\/div>\n\t\t\t\t<div class=\"elementor-element elementor-element-c7bbaf9 elementor-widget elementor-widget-elementskit-heading\" data-id=\"c7bbaf9\" data-element_type=\"widget\" data-e-type=\"widget\" data-widget_type=\"elementskit-heading.default\">\n\t\t\t\t<div class=\"elementor-widget-container\">\n\t\t\t\t\t<div class=\"ekit-wid-con\" ><div class=\"ekit-heading elementskit-section-title-wraper text_center   ekit_heading_tablet-   ekit_heading_mobile-\"><h2 class=\"ekit-heading--title elementskit-section-title \">Z\u00f3calo 30<\/h2><div class=\"ekit_heading_separetor_wraper ekit_heading_elementskit-border-divider ekit-dotted\"><div class=\"elementskit-border-divider ekit-dotted\"><\/div><\/div><\/div><\/div>\t\t\t\t<\/div>\n\t\t\t\t<\/div>\n\t\t\t\t<div class=\"elementor-element elementor-element-a7467c6 elementor-widget elementor-widget-spacer\" data-id=\"a7467c6\" data-element_type=\"widget\" data-e-type=\"widget\" data-widget_type=\"spacer.default\">\n\t\t\t\t<div class=\"elementor-widget-container\">\n\t\t\t\t\t\t\t<div class=\"elementor-spacer\">\n\t\t\t<div class=\"elementor-spacer-inner\"><\/div>\n\t\t<\/div>\n\t\t\t\t\t\t<\/div>\n\t\t\t\t<\/div>\n\t\t\t\t\t<\/div>\n\t\t<\/div>\n\t\t\t\t\t<\/div>\n\t\t<\/section>\n\t\t\t\t<section class=\"elementor-section elementor-top-section elementor-element elementor-element-3020f95 elementor-section-boxed elementor-section-height-default elementor-section-height-default\" data-id=\"3020f95\" data-element_type=\"section\" data-e-type=\"section\">\n\t\t\t\t\t\t<div class=\"elementor-container elementor-column-gap-default\">\n\t\t\t\t\t<div class=\"elementor-column elementor-col-50 elementor-top-column elementor-element elementor-element-207cd4b\" data-id=\"207cd4b\" data-element_type=\"column\" data-e-type=\"column\">\n\t\t\t<div class=\"elementor-widget-wrap elementor-element-populated\">\n\t\t\t\t\t\t<div class=\"elementor-element elementor-element-537efa8 elementor-widget elementor-widget-elementskit-heading\" data-id=\"537efa8\" data-element_type=\"widget\" data-e-type=\"widget\" data-widget_type=\"elementskit-heading.default\">\n\t\t\t\t<div class=\"elementor-widget-container\">\n\t\t\t\t\t<div class=\"ekit-wid-con\" ><div class=\"ekit-heading elementskit-section-title-wraper text_center   ekit_heading_tablet-   ekit_heading_mobile-\"><h2 class=\"ekit-heading--title elementskit-section-title \">Z\u00f3calo 30<\/h2><div class=\"ekit_heading_separetor_wraper ekit_heading_elementskit-border-divider ekit-dotted\"><div class=\"elementskit-border-divider ekit-dotted\"><\/div><\/div><\/div><\/div>\t\t\t\t<\/div>\n\t\t\t\t<\/div>\n\t\t\t\t<div class=\"elementor-element elementor-element-d6538d4 elementor-widget elementor-widget-text-editor\" data-id=\"d6538d4\" data-element_type=\"widget\" data-e-type=\"widget\" data-widget_type=\"text-editor.default\">\n\t\t\t\t<div class=\"elementor-widget-container\">\n\t\t\t\t\t\t\t\t\t<p>Complementario a los accesorios de piso, los z\u00f3calos son piezas indispensables que\u00a0 acompa\u00f1an nuestros acabados, marcado el final de los muros, permitiendo un juego y continuidad en la gama o para aquellos que les gusta el dise\u00f1o de contraste, marcar una diferenciaci\u00f3n por medio de las gamas, haciendo uso de un z\u00f3calo de una gama y piso de otra gama.<\/p>\t\t\t\t\t\t\t\t<\/div>\n\t\t\t\t<\/div>\n\t\t\t\t<div class=\"elementor-element elementor-element-49d1e8b elementor-view-stacked elementor-shape-circle elementor-widget elementor-widget-icon\" data-id=\"49d1e8b\" data-element_type=\"widget\" data-e-type=\"widget\" data-widget_type=\"icon.default\">\n\t\t\t\t<div class=\"elementor-widget-container\">\n\t\t\t\t\t\t\t<div class=\"elementor-icon-wrapper\">\n\t\t\t<a class=\"elementor-icon\" href=\"https:\/\/www.pescadero.com.co\/tejar\/wp-content\/uploads\/2023\/07\/F.T.-ZOCALO-30.pdf\">\n\t\t\t<i aria-hidden=\"true\" class=\"far fa-file-alt\"><\/i>\t\t\t<\/a>\n\t\t<\/div>\n\t\t\t\t\t\t<\/div>\n\t\t\t\t<\/div>\n\t\t\t\t<div class=\"elementor-element elementor-element-d9db969 elementor-widget elementor-widget-elementskit-heading\" data-id=\"d9db969\" data-element_type=\"widget\" data-e-type=\"widget\" data-widget_type=\"elementskit-heading.default\">\n\t\t\t\t<div class=\"elementor-widget-container\">\n\t\t\t\t\t<div class=\"ekit-wid-con\" ><div class=\"ekit-heading elementskit-section-title-wraper text_center   ekit_heading_tablet-   ekit_heading_mobile-\"><h2 class=\"ekit-heading--title elementskit-section-title \">Manual de instalaci\u00f3n<\/h2><div class=\"ekit_heading_separetor_wraper ekit_heading_elementskit-border-divider ekit-dotted\"><div class=\"elementskit-border-divider ekit-dotted\"><\/div><\/div><\/div><\/div>\t\t\t\t<\/div>\n\t\t\t\t<\/div>\n\t\t\t\t\t<\/div>\n\t\t<\/div>\n\t\t\t\t<div class=\"elementor-column elementor-col-50 elementor-top-column elementor-element elementor-element-8bc60c3\" data-id=\"8bc60c3\" data-element_type=\"column\" data-e-type=\"column\">\n\t\t\t<div class=\"elementor-widget-wrap elementor-element-populated\">\n\t\t\t\t\t\t<div class=\"elementor-element elementor-element-9e7b579 elementor-invisible elementor-widget elementor-widget-image\" data-id=\"9e7b579\" data-element_type=\"widget\" data-e-type=\"widget\" data-settings=\"{&quot;_animation&quot;:&quot;fadeIn&quot;}\" data-widget_type=\"image.default\">\n\t\t\t\t<div class=\"elementor-widget-container\">\n\t\t\t\t\t\t\t\t\t\t\t\t\t\t\t<img decoding=\"async\" data-src=\"https:\/\/www.pescadero.com.co\/tejar\/wp-content\/uploads\/elementor\/thumbs\/zocalo-30-p868iwqbcseug4fdt37s6rxa9v7cizhf8ap6kr8kyo.png\" title=\"zocalo-30\" alt=\"zocalo-30\" src=\"data:image\/svg+xml;base64,PHN2ZyB3aWR0aD0iMSIgaGVpZ2h0PSIxIiB4bWxucz0iaHR0cDovL3d3dy53My5vcmcvMjAwMC9zdmciPjwvc3ZnPg==\" class=\"lazyload\" style=\"--smush-placeholder-width: 400px; --smush-placeholder-aspect-ratio: 400\/80;\" \/>\t\t\t\t\t\t\t\t\t\t\t\t\t\t\t<\/div>\n\t\t\t\t<\/div>\n\t\t\t\t<div class=\"elementor-element elementor-element-14cff00 gallery-spacing-custom elementor-widget elementor-widget-image-gallery\" data-id=\"14cff00\" data-element_type=\"widget\" data-e-type=\"widget\" data-widget_type=\"image-gallery.default\">\n\t\t\t\t<div class=\"elementor-widget-container\">\n\t\t\t\t\t\t\t<div class=\"elementor-image-gallery\">\n\t\t\t<div id='gallery-1' class='gallery galleryid-681 gallery-columns-3 gallery-size-full'><figure class='gallery-item'>\n\t\t\t<div class='gallery-icon landscape'>\n\t\t\t\t<a data-elementor-open-lightbox=\"yes\" data-elementor-lightbox-slideshow=\"14cff00\" data-elementor-lightbox-title=\"Z\u00f3calo 30 Almendro, Mesa de los Santos, Colombia\" data-e-action-hash=\"#elementor-action%3Aaction%3Dlightbox%26settings%3DeyJpZCI6NzU1LCJ1cmwiOiJodHRwczpcL1wvd3d3LnBlc2NhZGVyby5jb20uY29cL3RlamFyXC93cC1jb250ZW50XC91cGxvYWRzXC8yMDIxXC8wNlwvWm9jYWxvLTMwLUFsbWVuZHJvLU1lc2EtZGUtbG9zLVNhbnRvcy1Db2xvbWJpYS0xLmpwZyIsInNsaWRlc2hvdyI6IjE0Y2ZmMDAifQ%3D%3D\" href='https:\/\/www.pescadero.com.co\/tejar\/wp-content\/uploads\/2021\/06\/Zocalo-30-Almendro-Mesa-de-los-Santos-Colombia-1.jpg'><img fetchpriority=\"high\" decoding=\"async\" width=\"1050\" height=\"712\" src=\"https:\/\/www.pescadero.com.co\/tejar\/wp-content\/uploads\/2021\/06\/Zocalo-30-Almendro-Mesa-de-los-Santos-Colombia-1.jpg\" class=\"attachment-full size-full\" alt=\"\" srcset=\"https:\/\/www.pescadero.com.co\/tejar\/wp-content\/uploads\/2021\/06\/Zocalo-30-Almendro-Mesa-de-los-Santos-Colombia-1.jpg 1050w, https:\/\/www.pescadero.com.co\/tejar\/wp-content\/uploads\/2021\/06\/Zocalo-30-Almendro-Mesa-de-los-Santos-Colombia-1-300x203.jpg 300w, https:\/\/www.pescadero.com.co\/tejar\/wp-content\/uploads\/2021\/06\/Zocalo-30-Almendro-Mesa-de-los-Santos-Colombia-1-1024x694.jpg 1024w, https:\/\/www.pescadero.com.co\/tejar\/wp-content\/uploads\/2021\/06\/Zocalo-30-Almendro-Mesa-de-los-Santos-Colombia-1-768x521.jpg 768w\" sizes=\"(max-width: 1050px) 100vw, 1050px\" \/><\/a>\n\t\t\t<\/div><\/figure><figure class='gallery-item'>\n\t\t\t<div class='gallery-icon landscape'>\n\t\t\t\t<a data-elementor-open-lightbox=\"yes\" data-elementor-lightbox-slideshow=\"14cff00\" data-elementor-lightbox-title=\"Z\u00f3calo 30 Arena el Resumen ll, C\u00facuta, Colombia\" data-e-action-hash=\"#elementor-action%3Aaction%3Dlightbox%26settings%3DeyJpZCI6NzU2LCJ1cmwiOiJodHRwczpcL1wvd3d3LnBlc2NhZGVyby5jb20uY29cL3RlamFyXC93cC1jb250ZW50XC91cGxvYWRzXC8yMDIxXC8wNlwvWm9jYWxvLTMwLUFyZW5hLWVsLVJlc3VtZW4tbGwtQ3VjdXRhLUNvbG9tYmlhLTEuanBnIiwic2xpZGVzaG93IjoiMTRjZmYwMCJ9\" href='https:\/\/www.pescadero.com.co\/tejar\/wp-content\/uploads\/2021\/06\/Zocalo-30-Arena-el-Resumen-ll-Cucuta-Colombia-1.jpg'><img decoding=\"async\" width=\"1050\" height=\"712\" data-src=\"https:\/\/www.pescadero.com.co\/tejar\/wp-content\/uploads\/2021\/06\/Zocalo-30-Arena-el-Resumen-ll-Cucuta-Colombia-1.jpg\" class=\"attachment-full size-full lazyload\" alt=\"\" data-srcset=\"https:\/\/www.pescadero.com.co\/tejar\/wp-content\/uploads\/2021\/06\/Zocalo-30-Arena-el-Resumen-ll-Cucuta-Colombia-1.jpg 1050w, https:\/\/www.pescadero.com.co\/tejar\/wp-content\/uploads\/2021\/06\/Zocalo-30-Arena-el-Resumen-ll-Cucuta-Colombia-1-300x203.jpg 300w, https:\/\/www.pescadero.com.co\/tejar\/wp-content\/uploads\/2021\/06\/Zocalo-30-Arena-el-Resumen-ll-Cucuta-Colombia-1-1024x694.jpg 1024w, https:\/\/www.pescadero.com.co\/tejar\/wp-content\/uploads\/2021\/06\/Zocalo-30-Arena-el-Resumen-ll-Cucuta-Colombia-1-768x521.jpg 768w\" data-sizes=\"(max-width: 1050px) 100vw, 1050px\" src=\"data:image\/svg+xml;base64,PHN2ZyB3aWR0aD0iMSIgaGVpZ2h0PSIxIiB4bWxucz0iaHR0cDovL3d3dy53My5vcmcvMjAwMC9zdmciPjwvc3ZnPg==\" style=\"--smush-placeholder-width: 1050px; --smush-placeholder-aspect-ratio: 1050\/712;\" \/><\/a>\n\t\t\t<\/div><\/figure><figure class='gallery-item'>\n\t\t\t<div class='gallery-icon landscape'>\n\t\t\t\t<a data-elementor-open-lightbox=\"yes\" data-elementor-lightbox-slideshow=\"14cff00\" data-elementor-lightbox-title=\"Z\u00f3calo 30 Tabaco, C\u00facuta, Colombia\" data-e-action-hash=\"#elementor-action%3Aaction%3Dlightbox%26settings%3DeyJpZCI6NzU3LCJ1cmwiOiJodHRwczpcL1wvd3d3LnBlc2NhZGVyby5jb20uY29cL3RlamFyXC93cC1jb250ZW50XC91cGxvYWRzXC8yMDIxXC8wNlwvWm9jYWxvLTMwLVRhYmFjby1DdWN1dGEtQ29sb21iaWEtMS5qcGciLCJzbGlkZXNob3ciOiIxNGNmZjAwIn0%3D\" href='https:\/\/www.pescadero.com.co\/tejar\/wp-content\/uploads\/2021\/06\/Zocalo-30-Tabaco-Cucuta-Colombia-1.jpg'><img decoding=\"async\" width=\"1050\" height=\"712\" data-src=\"https:\/\/www.pescadero.com.co\/tejar\/wp-content\/uploads\/2021\/06\/Zocalo-30-Tabaco-Cucuta-Colombia-1.jpg\" class=\"attachment-full size-full lazyload\" alt=\"\" data-srcset=\"https:\/\/www.pescadero.com.co\/tejar\/wp-content\/uploads\/2021\/06\/Zocalo-30-Tabaco-Cucuta-Colombia-1.jpg 1050w, https:\/\/www.pescadero.com.co\/tejar\/wp-content\/uploads\/2021\/06\/Zocalo-30-Tabaco-Cucuta-Colombia-1-300x203.jpg 300w, https:\/\/www.pescadero.com.co\/tejar\/wp-content\/uploads\/2021\/06\/Zocalo-30-Tabaco-Cucuta-Colombia-1-1024x694.jpg 1024w, https:\/\/www.pescadero.com.co\/tejar\/wp-content\/uploads\/2021\/06\/Zocalo-30-Tabaco-Cucuta-Colombia-1-768x521.jpg 768w\" data-sizes=\"(max-width: 1050px) 100vw, 1050px\" src=\"data:image\/svg+xml;base64,PHN2ZyB3aWR0aD0iMSIgaGVpZ2h0PSIxIiB4bWxucz0iaHR0cDovL3d3dy53My5vcmcvMjAwMC9zdmciPjwvc3ZnPg==\" style=\"--smush-placeholder-width: 1050px; --smush-placeholder-aspect-ratio: 1050\/712;\" \/><\/a>\n\t\t\t<\/div><\/figure><figure class='gallery-item'>\n\t\t\t<div class='gallery-icon landscape'>\n\t\t\t\t<a data-elementor-open-lightbox=\"yes\" data-elementor-lightbox-slideshow=\"14cff00\" data-elementor-lightbox-title=\"Z\u00f3calo-30-Almendro.-Proyecci\u00f3n-Sala\" data-e-action-hash=\"#elementor-action%3Aaction%3Dlightbox%26settings%3DeyJpZCI6NzU4LCJ1cmwiOiJodHRwczpcL1wvd3d3LnBlc2NhZGVyby5jb20uY29cL3RlamFyXC93cC1jb250ZW50XC91cGxvYWRzXC8yMDIxXC8wNlwvWm9jYWxvLTMwLUFsbWVuZHJvLi1Qcm95ZWNjaW9uLVNhbGEtMS5qcGciLCJzbGlkZXNob3ciOiIxNGNmZjAwIn0%3D\" href='https:\/\/www.pescadero.com.co\/tejar\/wp-content\/uploads\/2021\/06\/Zocalo-30-Almendro.-Proyeccion-Sala-1.jpg'><img decoding=\"async\" width=\"1050\" height=\"712\" data-src=\"https:\/\/www.pescadero.com.co\/tejar\/wp-content\/uploads\/2021\/06\/Zocalo-30-Almendro.-Proyeccion-Sala-1.jpg\" class=\"attachment-full size-full lazyload\" alt=\"\" data-srcset=\"https:\/\/www.pescadero.com.co\/tejar\/wp-content\/uploads\/2021\/06\/Zocalo-30-Almendro.-Proyeccion-Sala-1.jpg 1050w, https:\/\/www.pescadero.com.co\/tejar\/wp-content\/uploads\/2021\/06\/Zocalo-30-Almendro.-Proyeccion-Sala-1-300x203.jpg 300w, https:\/\/www.pescadero.com.co\/tejar\/wp-content\/uploads\/2021\/06\/Zocalo-30-Almendro.-Proyeccion-Sala-1-1024x694.jpg 1024w, https:\/\/www.pescadero.com.co\/tejar\/wp-content\/uploads\/2021\/06\/Zocalo-30-Almendro.-Proyeccion-Sala-1-768x521.jpg 768w\" data-sizes=\"(max-width: 1050px) 100vw, 1050px\" src=\"data:image\/svg+xml;base64,PHN2ZyB3aWR0aD0iMSIgaGVpZ2h0PSIxIiB4bWxucz0iaHR0cDovL3d3dy53My5vcmcvMjAwMC9zdmciPjwvc3ZnPg==\" style=\"--smush-placeholder-width: 1050px; --smush-placeholder-aspect-ratio: 1050\/712;\" \/><\/a>\n\t\t\t<\/div><\/figure>\n\t\t<\/div>\n\t\t<\/div>\n\t\t\t\t\t\t<\/div>\n\t\t\t\t<\/div>\n\t\t\t\t\t<\/div>\n\t\t<\/div>\n\t\t\t\t\t<\/div>\n\t\t<\/section>\n\t\t\t\t<\/div>\n\t\t","protected":false},"excerpt":{"rendered":"<p>Huella 30 Z\u00f3calo 30 Rompeolas 14.5&#215;25 Z\u00f3calo 30 Z\u00f3calo 30 Complementario a los accesorios de piso, los z\u00f3calos son piezas indispensables que\u00a0 acompa\u00f1an nuestros acabados, marcado el final de los muros, permitiendo un juego y continuidad en la gama o para aquellos que les gusta el dise\u00f1o de contraste, marcar una diferenciaci\u00f3n por medio de [&hellip;]<\/p>\n","protected":false},"author":1,"featured_media":0,"parent":0,"menu_order":0,"comment_status":"closed","ping_status":"closed","template":"elementor_header_footer","meta":{"_joinchat":[],"footnotes":""},"class_list":["post-681","page","type-page","status-publish","hentry"],"_links":{"self":[{"href":"https:\/\/www.pescadero.com.co\/tejar\/index.php?rest_route=\/wp\/v2\/pages\/681","targetHints":{"allow":["GET"]}}],"collection":[{"href":"https:\/\/www.pescadero.com.co\/tejar\/index.php?rest_route=\/wp\/v2\/pages"}],"about":[{"href":"https:\/\/www.pescadero.com.co\/tejar\/index.php?rest_route=\/wp\/v2\/types\/page"}],"author":[{"embeddable":true,"href":"https:\/\/www.pescadero.com.co\/tejar\/index.php?rest_route=\/wp\/v2\/users\/1"}],"replies":[{"embeddable":true,"href":"https:\/\/www.pescadero.com.co\/tejar\/index.php?rest_route=%2Fwp%2Fv2%2Fcomments&post=681"}],"version-history":[{"count":28,"href":"https:\/\/www.pescadero.com.co\/tejar\/index.php?rest_route=\/wp\/v2\/pages\/681\/revisions"}],"predecessor-version":[{"id":3083,"href":"https:\/\/www.pescadero.com.co\/tejar\/index.php?rest_route=\/wp\/v2\/pages\/681\/revisions\/3083"}],"wp:attachment":[{"href":"https:\/\/www.pescadero.com.co\/tejar\/index.php?rest_route=%2Fwp%2Fv2%2Fmedia&parent=681"}],"curies":[{"name":"wp","href":"https:\/\/api.w.org\/{rel}","templated":true}]}}